 of c(r)?
2
Let b(k) = -2*k - 10. Let x be b(-9). Suppose 4*w - 3*t + 1 + 1 = 0, -3*t = 2*w - x. Let i = 1 + w. What are the prime factors of i?
2
Let s(k) = 4*k**2 + 10*k + 2. What are the prime factors of s(-7)?
2
Let h(v) = 18*v - 15. What are the prime factors of h(14)?
3, 79
Suppose 0*u + u - 2 = 0. Suppose u*b - 3 = 3. Suppose 5*g = b*a - 5, -2*g + 2 = -2. What are the prime factors of a?
5
Let p(g) = -g**3 + 8*g**2 + 9*g - 11. Let v be p(8). Let o = -21 + v. Suppose -4*b + o = b. What are the prime factors of b?
2
Suppose 0 = w - 5*l + 21, 5*w - 8*l + 4*l + 42 = 0. List the prime factors of ((2 - -1) + w)*-6.
2, 3
Suppose -2*w + 28 + 36 = -3*d, d + 3*w = -25. Let o = d - -25. List the prime factors of o.
3
What are the prime factors of 309/6 - (-2)/(-4)?
3, 17
Let n be 1/(-4) + 9/4. Let k(v) = -v + 15. Let a be k(13). Let u = n + a. List the prime factors of u.
2
What are the prime factors of (-206)/6*(3 - (8 - 2))?
103
Suppose -5*n = -z + 8 - 36, 3*n - 24 = 3*z. Let k be 3/(1/(-3)*z). Let g = k + 3. List the prime factors of g.
2, 3
Suppose -2*q - 2*l = -24, 15 = 5*l + 40. Let c = q + -12. Suppose -3*p + 2 = -2*n - 2, -c*p + 9 = -n. List the prime factors of p.
2
Suppose -4*u + 21 = -139. Suppose -5*l - u = 25. Let b = -9 - l. What are the prime factors of b?
2
Suppose -6*i + 2*i = -3*q - 255, -65 = -i + q. Suppose -i = -0*b - 4*b. List the prime factors of b.
3, 5
Suppose -2*z + 0 = -84. Suppose -7 = 5*p - z. What are the prime factors of p?
7
Let k be 18/(-3)*-1 - 2. Suppose -k*c = -4*a + 44, 3*a - a - 5*c - 16 = 0. List the prime factors of a.
13
Let a(g) = -g + 8. Let i be a(5). Suppose -43 = -i*r + z, -8 = -5*z + 7*z. List the prime factors of r.
13
List the prime factors of 565/35 + (-1)/7.
2
Let m be (-1)/(-1 - 2 - -2). Let p = m - -10. Let l = -7 + p. What are the prime factors of l?
2
Let d(b) = 43*b**2 + b + 1. List the prime factors of d(-1).
43
Let m(u) = -3*u + 6. Let s be m(-8). Suppose -c = -2*x + x, -5*x + s = c. Let j = x + 0. What are the prime factors of j?
5
Suppose 0*k = 2*n + 3*k - 170, 2*n = 4*k + 170. What are the prime factors of n?
5, 17
Suppose -4*r - r + 65 = 0. List the prime factors of r.
13
What are the prime factors of 3*-3*35/(-15)?
3, 7
What are the prime factors of (-2 - -19) + 2 - 1?
2, 3
Suppose 3*x = 5*x - 6. Let l = 10 - x. Suppose -3*n + 40 = 5*w, l*n - 3*n - 24 = -3*w. List the prime factors of w.
2
Suppose -2*h + 15 = 7. Suppose -h*u - 2*s + 206 = -0*s, -u + 2*s = -59. What are the prime factors of u?
53
Let j = -12 + 5. Let w be (-2 - 0)*28/j. Let b = 16 - w. What are the prime factors of b?
2
Let t = 11 + 1. What are the prime factors of 9/t + (-363)/(-12)?
31
Suppose -4*x + 13 = -2*x + 3*a, 3*x - 3*a = 42. List the prime factors of x.
11
Let n(r) be the first derivative of -3*r**2/2 - r + 1. List the prime factors of n(-2).
5
What are the prime factors of (1 - (4 + -6 + 5)) + 166?
2, 41
Suppose 5*s - 23 = 4*f, -4*f - 22 = 4*s - 62. Let r be 2*15/(-12)*-2. Suppose -4*l - 4*t - 1 = s, -5*l + 40 = -r*t. What are the prime factors of l?
3
Suppose -5*z + 3*z - 3*d - 16 = 0, 0 = 4*z - d + 18. Let x = z - -7. List the prime factors of (-10)/(-2) - (2 - x).
5
Suppose -3*d - 128 = -5*d. What are the prime factors of d?
2
Let l be (-6)/(-3) - 3 - -1. Suppose 30 = -l*a + 3*a. List the prime factors of a*1 + 0 + -1.
3
Suppose 4*o + 0*o = 2*f + 84, -4*f = o - 30. What are the prime factors of o?
2, 11
Suppose -n = j + j - 236, -5*n + 1201 = 3*j. Suppose 2*t = -0*q + 4*q - 248, 4*q - n = 5*t. List the prime factors of (-3)/(-6) - q/(-6).
11
Suppose 5*a - 91 = 2*a + 5*o, -12 = -3*o. Suppose a = 2*r - 35. List the prime factors of r.
2, 3
Let j = 185 - 95. List the prime factors of j.
2, 3, 5
Let t(k) = 75*k - 4. List the prime factors of t(1).
71
Suppose -p - 4*p - 2*z + 36 = 0, -4*p - 3*z = -33. Suppose -4 = -4*f - v + p, 4*f - 22 = 5*v. List the prime factors of f.
3
Let n be (-3 - -13)*(-6)/(-12). Suppose -2*o + 243 = 5*i, 3*i + n*o + 103 = 5*i. What are the prime factors of i?
7
Let y(h) = -3*h - 8. Let d be y(6). Let k = -39 - d. What are the prime factors of 1 + (-2 + 2 - k)?
2, 7
List the prime factors of (-8)/6*(74/(-4) + 5).
2, 3
Let x = 3 - 0. Suppose -a = 3*n - 19 - 1, -x*n + 35 = 4*a. Suppose -4 - n = -3*v. What are the prime factors of v?
3
Suppose -9*a - 1310 = -19*a. List the prime factors of a.
131
What are the prime factors of 3/(3/9 - (-31)/(-102))?
2, 3, 17
Let k = -16 - -22. Suppose k*h - 34 = 4*h. List the prime factors of h.
17
Let n = 160 - 40. List the prime factors of n.
2, 3, 5
Let b(x) = 3*x + 5. Let y(i) = 2*i - 3. Let k be y(5). Suppose -2 = -0*c + 2*c - 4*s, k = -c + 4*s. List the prime factors of b(c).
2, 5
Suppose 0 = -3*c + 36 + 9. List the prime factors of c.
3, 5
Let o(h) = -h + 1. Let a be o(2). List the prime factors of -1 + 2 + (9 - a).
11
Let p = 8 - 8. Let q be (1 - 2) + 8 + -3. Suppose -q*g - 12 = p, 0*g - g = -4*u + 75. What are the prime factors of u?
2, 3
Suppose 5*z + d - 5 = 0, -d + 25 = 5*z - 4*d. Let l(m) = -1. Let n(c) = 6*c. Let t(s) = 2*l(s) + n(s). What are the prime factors of t(z)?
2, 5
Let w be (0/((-6)/(-3)))/2. Suppose a + a = w. Suppose -4*l + a*t - 4*t = -56, 2*l - 12 = 2*t. List the prime factors of l.
2, 5
Suppose -h - 10 = -104. List the prime factors of h.
2, 47
Let w = 80 - -102. What are the prime factors of w?
2, 7, 13
Let t(v) = -v**3 + 6*v**2 + v - 9. List the prime factors of t(5).
3, 7
Suppose 7 = 2*q - 3. Suppose 2*r = -6*j + 2*j + 2, 2*j = 3*r + q. List the prime factors of (1/(-1))/j*-13.
13
Suppose -8 = 3*s + 4*v, 0 = -5*s - 5*v - 2 - 3. Suppose s*u + 2 + 2 = 0. List the prime factors of 9 + -2 + (u - 0).
2, 3
Let o = -1 - -5. Suppose -o*k + 8 = -0*k. Suppose 4*i = 12, a + 4*a = -k*i + 41. List the prime factors of a.
7
Suppose 2*q = 3*h - 154, -4*q + 92 = 6*h - 4*h. What are the prime factors of h?
2, 5
Let z be (-3)/(-2)*204/9. Let v = 50 - z. What are the prime factors of v?
2
Let c(r) = 4*r**2 + 1. Let p(o) = -5*o**2 - 1. Let y(w) = 3*c(w) + 2*p(w). Let d be y(1). Let m = 7 + d. List the prime factors of m.
2, 5
Let v be -3 + 1 + 4 - 2. Suppose v = 4*b + 28 - 4. Let a(y) = -2*y - 6. List the prime factors of a(b).
2, 3
Suppose d + 3 = -1. List the prime factors of (-15)/(-1)*d/(-6).
2, 5
Suppose -2*i + 564 = 2*w, 4*w = 2*i + w - 559. What are the prime factors of i?
281
Suppose 53 = s + 3*p, -235 = -3*s - 2*s - 5*p. List the prime factors of s.
2, 11
Suppose 2*o = o. Suppose -4*q + 127 = -i + 2*i, o = 2*i + 10. List the prime factors of q.
3, 11
Let a(s) = -s**2 + s - 18. Let z(y) = 2*y**2 - 2*y + 37. Suppose g - t = 4*g + 8, t = 1. Let f(d) = g*z(d) - 7*a(d). List the prime factors of f(0).
3, 5
Let j(p) = -p**2 + 50. Let z be j(0). Let f = z - 33. What are the prime factors of f?
17
What are the prime factors of 0 + (-6)/21 + (-480)/(-14)?
2, 17
Let o(n) = -4*n**3 - 1. List the prime factors of o(-3).
107
Let k be 10/(-15)*(-6)/4. Let n(v) = v**2 + 4*v. Let r be n(-5). Let f = r + k. List the prime factors of f.
2, 3
Suppose 0 = -7*p + 292 + 499. List the prime factors of p.
113
Let f(q) = -q**3 + 10*q**2 + 16*q + 15. What are the prime factors of f(10)?
5, 7
Suppose 0 = p + 4*p - 60. List the prime factors of p.
2, 3
Suppose -4*f + 3*s = -77 - 298, -2*f - 4*s = -204. Suppose -a = -5*a + f. What are the prime factors of a?
2, 3
Suppose -2*i - 2*i + 35 = 5*r, i - 13 = 3*r. Let s be ((-4)/i)/((-1)/5). Suppose s*z = -z + 36. What are the prime factors of z?
2, 3
Suppose 2*a - 3*v = 5, 0 = v - 5*v + 4. Suppose -l - 38 = -a*i, 23 = 3*i + 6*l - 4*l. What are the prime factors of i?
3
Let q be 3/6 - 895/(-10). Suppose -3*p - 3*h = -q, 6*h + 160 = 5*p + h. List the prime factors of p.
31
Let t(u) = u**3 - 4*u**2 + 2*u + 5. List the prime factors of t(5).
2, 5
Let z(b) = -3*b - 5*b - b + b**2 - 2. Let i be z(7). Let g = i - -22. List the prime factors of g.
2, 3
Let a be 12 + -10 - 130/(-2). Suppose -a = -3*k - 2*b, -5*k + 4*b + 97 = -0*k. List the prime factors of k.
3, 7
Suppose 5*c - 53 + 15 = -y, 0 = -c - 5*y + 22. Suppose 2*a + 2 = -0, c = l + 3*a. List the prime factors of 1*(-3 + 1) + l.
2
Suppose w + z - 6 = 0, 3*w - 5*z + 22 = 4*w. Suppose -h - 5 = -w*h. Suppose -h*y - 4 = -34. What are the prime factors of y?
2, 3
Let w(u